ate p(0).
-8
Suppose -x + 7 = 5*f - 0, -x - f = -3. Suppose 2*b + 2*i = x + 4, -3*i = 5*b - 17. Let m(w) = w**3 - 4*w**2 - 4*w. Calculate m(b).
-16
Let h(q) = 2*q**3 + 5*q**2 + q + 7. Let s = 15 + -12. Let g(u) = u**3 + 3*u**2 + u + 4. Let o(i) = s*h(i) - 5*g(i). Let p(r) = -r + 2. Let t be p(4). Give o(t).
-3
Suppose 6203*s = 6241*s. Let p(t) = t + 5. Let v be p(-4). Let i(k) = -k**2 + k + 1. Let y(w) = 4*w**2 - 6*w - 14. Let r(b) = v*y(b) + 5*i(b). Calculate r(s).
-9
Let t(l) be the second derivative of -2*l**3/3 - 10*l**2 - 294*l. What is t(-8)?
12
Suppose 0*y - 4*d - 10 = -y, 2*y - 12 = 4*d. Let u(g) = 0*g**y + 3 + 0*g**2 + g**2 - 2*g**2. Determine u(3).
-6
Let j(i) be the third derivative of -i**4/8 + 5*i**3/3 - 88*i**2. Calculate j(9).
-17
Let z(o) = -o**2 + 3*o + 1. Let l(w) = 1. Let b(y) = 3*l(y) - z(y). Let d(x) = 9*x**2 + x - 2. Let j be d(2). Let q = -33 + j. Give b(q).
2
Let u(d) = -4*d**2 - 7*d + 6. Let l(q) = 2*q**2 + 9*q - 6. Let o(y) = -3*l(y) - 2*u(y). What is o(5)?
-9
Let o = -107 + 110. Let n(f) = 7*f - 2*f - 2*f - o - 2*f. Determine n(4).
1
Suppose -10 = 3*b - 2*w, 3*w - 25 = 2*b - 2*w. Let n(a) be the second derivative of 0*a**2 + b + 6*a - 1/2*a**3. Give n(-1).
3
Let j be 0*(1 + 1 + -1). Let r(y) be the second derivative of 1/6*y**3 - 1/2*y**2 + 0 - 1/12*y**4 - 5*y + 1/20*y**5. Give r(j).
-1
Let a(h) = h**3 - 5*h**2 - h. Suppose 23 = 4*l + v, -5*l + v - 3*v + 31 = 0. Give a(l).
-5
Suppose -5*g - 20 = 20. Let w be (g/(-10))/((-10)/75). Let v(h) be the third derivative of -h**5/60 - h**4/4 - 5*h**3/6 + 80*h**2. What is v(w)?
-5
Let k(o) be the first derivative of 0*o + 1/60*o**5 + 8/3*o**3 - 11 + 0*o**2 + 1/360*o**6 + 1/24*o**4. Let t(n) be the third derivative of k(n). Give t(-2).
1
Let y(u) = 5*u - 14. Let v be y(7). Let n(h) = 13 - v - 3*h + 10 + 0*h. Calculate n(-2).
8
Let w(f) = -4*f - 3 + f + 3*f + 3*f + 3*f. Determine w(-2).
-15
Let k(i) = 5*i - 1. Let y(h) = -2*h**2 + 5*h. Let r(n) = -n**2 + 2*n. Let m(o) = -7*r(o) + 3*y(o). Let d(u) = -k(u) + m(u). Calculate d(4).
1
Let z(r) = 42*r - 7. Let q(l) = -92*l + 15. Let b(v) = -2*q(v) - 5*z(v). Calculate b(2).
-47
Let p(f) be the second derivative of f**4/12 + 7*f**3/6 + 2*f**2 + 2*f. Let w = -9 - -11. Let u be w - (-9 + 2)*-1. Determine p(u).
-6
Suppose 0*s - 5*s - k - 28 = 0, 4*k = -12. Let r(u) = 4*u + 1. Determine r(s).
-19
Let w(u) be the third derivative of -u**6/120 - u**5/20 + u**4/6 + 2*u**3/3 + 3*u**2. Suppose 0 = -4*x + 3*x + 16. Suppose 2*i = 6*i + x. Determine w(i).
4
Let p(z) = 2*z + 34. Let a(b) = -b - 33. Let l(f) = 5*a(f) + 6*p(f). Give l(-6).
-3
Suppose 2*s = 8, 5*s = 2*d + 186 - 78. Let f = -45 - d. Let m(c) = 3*c + 7. Let b(i) = 2*i + 6. Let n(g) = -6*b(g) + 5*m(g). Determine n(f).
-4
Let z(i) = i**2 + 8*i - 1. Suppose -34*g = -37*g - 27. Calculate z(g).
8
Let w be 0 + (0 - (-2 - 1)). Let u(d) = d - w*d**3 - 2 - 4*d**3 + 1 - d**2. What is u(1)?
-8
Let k(m) = 2*m**3 + 4*m**2 + 5*m. Let p be k(-2). Let b(s) = s**2 + 7*s + 3. Calculate b(p).
33
Let b(c) = 4*c**2 + 52. Let f(m) = m**2 + 3. Let o(g) = b(g) - 5*f(g). Give o(0).
37
Let c(q) = -q**3 + 9*q**2 + 6*q + 14. Let t be 3 - 21/9*-3. Calculate c(t).
-26
Let k(t) = -95 + 30 - 7*t**2 + 32 + 39 + 2*t - t**3. Give k(-7).
-8
Let s(g) be the second derivative of -7*g + 0 + 1/6*g**3 - 3*g**2. Give s(8).
2
Suppose 13*j = 15*j - 12. Let z = -3 - -7. Let f be 9/(-6) - j/z. Let l(u) = u**3 + 2*u**2 - 2*u + 1. Calculate l(f).
-2
Let b(m) be the third derivative of -m**6/120 + m**5/12 - m**4/6 + m**3/6 + m**2. Let j = -3 + 4. Suppose -6*t + 25 = j. Calculate b(t).
1
Let m(v) = v - 4. Suppose 7*h = 8*h. Suppose 5*f - 5*a = 75, 3*f - f + 4*a - 12 = h. Let g = f + -8. Calculate m(g).
0
Let z(w) be the third derivative of 7*w**5/60 - w**4/24 - w**3/6 - 918*w**2. Suppose -8 = -5*h + h. What is z(h)?
25
Suppose 0 = 5*d + 9 - 14. Let n(a) = 10*a - 14 + 14. Determine n(d).
10
Suppose 15*b + b - 96 = 0. Let j(t) = -t**3 + 7*t**2 - 4*t - 11. Calculate j(b).
1
Let q = 134 - 79. Let j(l) = -q + 112 - 66 - l**2 + l**3. Give j(0).
-9
Let u(s) be the first derivative of s**2 + 5 + 1/4*s**4 - 4*s + 2*s**3. Give u(-5).
11
Suppose 0 = 4*b - 5*r - 13, -3*b + 5 - 1 = 2*r. Let x(f) be the third derivative of f**5/60 - f**4/8 - f**3/3 + f**2. Give x(b).
-4
Let i(s) be the second derivative of -s**6/30 - s**5/60 + s**4/24 + 20*s**2 - 34*s. Let v(b) be the first derivative of i(b). What is v(1)?
-4
Suppose g - 4 = -3*r, -3*g - 3*r + 0*r + 18 = 0. Suppose -g = 2*f - 1. Let a = f - -7. Let t(j) = -j**2 + 7*j - 4. Give t(a).
8
Let m(q) be the third derivative of -2*q**2 + 0 + 5/6*q**3 - 1/8*q**4 + 0*q. Suppose -2*i + 2 = -6. What is m(i)?
-7
Let c(y) be the second derivative of y**5/20 + y**4/3 - y**3/6 + 3*y**2 - 52*y. Give c(-5).
-14
Let f(w) = -5*w + 6. Let i(m) = 11*m - 13. Let n(k) = k**3 - 5*k**2 + k - 1. Let g be n(4). Let d(t) = g*f(t) - 6*i(t). Give d(7).
-7
Let h(u) be the first derivative of -2*u**4 + u**2 - u - 16. Suppose 0 = 2*g - 7*g + 5. Calculate h(g).
-7
Let w(t) be the second derivative of -t**5/20 + t**4/2 + t**3 + t**2/2 - 9*t + 8. What is w(7)?
-6
Let y(j) be the second derivative of j**3 + 1/120*j**6 + 0 + 8*j + 5*j**2 + 1/4*j**4 + 1/10*j**5. Let f(m) be the first derivative of y(m). Determine f(-5).
1
Let x(v) be the second derivative of -2*v**3/3 + v**2/2 + v. Let t be ((-4)/(-5))/((-14)/(-105)). Suppose t*o - 11 = 1. Determine x(o).
-7
Let i(f) = f. Let u(a) = -a**3 - 5*a**2 + 4*a - 8. Let l be u(-6). Suppose -d + l = -0*d. Suppose -2*z = -3*s + 18, -3*s + d = -s. Determine i(z).
-6
Let a(v) = v**3 + 5*v**2 - 8*v - 5. Let s be 1/(4/24)*-1. Let n be s/(-4 - -1) + -2. Suppose -24 = 4*m - n. Give a(m).
7
Let l(h) = 7*h. Let z(r) = 12 - 31 + 20*r + 18. Let a(d) = -17*l(d) + 6*z(d). What is a(0)?
-6
Let q(v) = 22*v + 18. Let a(h) = 18*h + 18. Let y(t) = -5*a(t) + 4*q(t). Determine y(-14).
10
Let s(i) = 2*i + 2. Let h(z) be the second derivative of -z**3/6 - 3*z**2/2 + 6*z. Let m = -6 + 6. Let c be h(m). Calculate s(c).
-4
Let p(k) = -k**2 - 2*k. Suppose -45*h + 47*h + 8 = 0. Let y be (h/3 - 0)/((-4)/(-6)). Determine p(y).
0
Let u(w) = w**2 + 13*w - 5. Let x(l) be the first derivative of -l**3/3 - 3*l**2 + 2*l - 3. Let s(r) = 3*u(r) + 7*x(r). Determine s(-2).
-11
Let u(k) = 7 - k + 2 - 3. Suppose -2*y = 4*f - 12, 0 = -2*y + 5*f + 15 - 3. Determine u(y).
0
Let w(z) = z**2 + z - 15. Let p be w(4). Let c(j) = -j - 5. Calculate c(p).
-10
Let o(a) be the second derivative of 5*a**4/24 + a**3/6 - 19*a**2 - 29*a. Let g(m) be the first derivative of o(m). Determine g(-1).
-4
Suppose 2 = -6*m - 22. Let v(h) = h + 1. Let k(n) = -2*n - 2. Let o(z) = 4*k(z) + 5*v(z). Calculate o(m).
9
Let b = 25 + -13. Let l = b - 15. Let u be 24/3*l/4. Let m(t) = t**2 + 6*t + 8. What is m(u)?
8
Let n = -15 - -9. Suppose 81 = 3*v - 129. Let p(w) = 34 + 38 - v - w. What is p(n)?
8
Let r(z) = -z - 8. Let u(f) = -f**3 - 19*f**2 - 48*f - 5. Let w be u(-16). Determine r(w).
-3
Suppose -48 = -5*b + 9*b + 4*c, -b + 5*c + 6 = 0. Let z(y) = -y - 3. What is z(b)?
6
Let v(h) = 21*h**2 + 11*h - h**3 + 38*h**2 + 84 - 50*h**2 - 86. Calculate v(10).
8
Suppose 0 = 5*h + 58 + 47. Let p(n) = -3*n + 6. Let d(u) = 15*u - 30. Let k(r) = h*p(r) - 4*d(r). Let o be k(3). Let c(q) = q**3 - 3*q**2 - 2. Determine c(o).
-2
Let i(k) be the first derivative of -7/2*k**2 - 5/3*k**3 - 4*k - 40 - 1/4*k**4. Give i(-4).
8
Let p(c) = -c**2 - 3*c + 2. Suppose 0 = -2*x + 3*t - 2, 2*x - 3*t - 2*t + 2 = 0. Let l be 0 - -2*1/x. Determine p(l).
4
Let k(h) = -13*h - 3. Let n = 594 + -591. Give k(n).
-42
Suppose k + h = -k + 20, k - 1 = -5*h. Suppose 7*r - 17 - k = 0. Let s(n) = n + 2 + 0*n - 4. Calculate s(r).
2
Let j = 8 + -6. Let z(d) be the third derivative of d**5/20 - d**4/6 + d**3/3 + d**2 - 298*d. Determine z(j).
6
Let o(b) be the second derivative of b**3 - 33*b**2/2 + 47*b. What is o(4)?
-9
Let z(c) = 22*c - 9. Let s be z(-2). Let g = -53 - s. Let b(f) = f**3 + 2. Give b(g).
2
Let h(s) be the first derivative of s + 1/2*s**2 - 8. Suppose -4*v + v - 9 = 2*a, 3*a + 14 = -5*v. Calculate h(a).
-2
Let n be (-4 - -1) + (-77)/(-11). Let l(g) = -n*g + 8*g - 5*g. Calculate l(6).
-6
Let y(k) = -1 - 3*k + 1 - 4. Suppose -5*g = 26 - 36. Suppose -g*j - 25 = 5*c, 2*c - 4*j - 1 = 13. Calculate